+ 52. Let k be d(-16). Give l(k).
-8
Let w(h) = -h**2 - 6*h - 5. Let f be w(-2). Let m(k) = 7*k + f*k - k**2 + 1 - k - 4*k. What is m(2)?
7
Let l = 18 + 24. Suppose -1 - 87 = -22*p. Suppose -3*r = p*r - l. Let y(q) = -q**2 + 2*q + 8. What is y(r)?
-16
Suppose -3*u - 2*h + 11 = 0, -2*u = -2*h + 3*h - 6. Let r(v) be the first derivative of 23*v**3/3 + v**2/2 + 5713. What is r(u)?
24
Let a(g) = 3*g**2 + 10*g + 3. Let s be a(-7). Let r be ((-21)/(-4))/(15/s). Let d = -23 + r. Let u(j) = 2*j - 7. What is u(d)?
3
Let h(j) = 7*j**2. Let x(v) = -v**2 - 1. Let f(s) = -h(s) - x(s). Let u be -6 + 2 + (-2)/(4/(-6)). What is f(u)?
-5
Let n(h) = -h**2 - 9*h - 3. Suppose -2*p + 5*w = -57, 0*p - 21 = -p + 5*w. Suppose p = 77*v - 83*v. Determine n(v).
15
Let y(m) be the third derivative of 5/6*m**3 - 1/6*m**5 + 52*m + 0 + 1/12*m**4 + 2*m**2 - 1/60*m**6. Determine y(-5).
-5
Let r(d) = -d**3 + 6*d**2 - 5*d - 3. Suppose -2*m = 76 + 82. Let h = 84 + m. What is r(h)?
-3
Let z be 38/4 - ((-22)/4 - -6). Let x(p) = -2*p**2 + 19*p - 18. Let w be x(z). Let m(h) = h**3 + 9*h**2 - h + 3. What is m(w)?
12
Let s(n) = -35*n**2 - 7 + n - 19*n**2 + 55*n**2. Calculate s(7).
49
Let o(b) = b + 8. Let g(c) = -12*c**3 + 8*c**2 - 3*c - 4. Let m be g(1). Give o(m).
-3
Suppose -j = -6*j + 25. Suppose 0 = j*o - 9 - 36. Let r = o - 4. Let q(m) = -2*m + 7. Give q(r).
-3
Let r(c) = -c - 2. Let a be r(6). Let o(b) = -31*b + 3. Let w(q) = 17*q - 2. Let l(v) = -88*v + 341. Let g be l(4). Let k(n) = g*w(n) - 6*o(n). Give k(a).
12
Let a(l) = -4*l + 1. Let g(y) = -1 + y**2 + y**3 - y**2 - 7*y**2 - 61*y + 68*y. Let i be (-56)/(-10) + (-6)/(-15). Let h be g(i). What is a(h)?
-19
Let j(l) = 4*l - 3*l - 6*l + 6*l - 13 - 4*l. Determine j(-15).
32
Let s(h) = h**2 + 88*h + 973. Let m be s(-13). Suppose 5 = 2*t + n - 1, 4*n + 12 = t. Let v(x) = -t*x + x - x. What is v(m)?
8
Let h(v) = -v**2 - 4*v + 2. Suppose 0*k = 13*k - 611. Let q = 35 + -18. Suppose 6*m = q - k. Give h(m).
-3
Let y be -2 - (-15)/3 - -21. Suppose 18 = 18*u - y*u. Let m(w) = 2*w**2 + 2*w. What is m(u)?
12
Suppose -36 = -13*q + 7*q. Let j(l) = -7*l + 9 + q*l + 2*l. Determine j(-4).
5
Let c(a) = a**3 + 8*a**2 + 9*a + 2. Let p(b) be the second derivative of b**4/6 + 23*b**3/6 + 2*b**2 - b. Let k = 1305 - 1316. Let u be p(k). Give c(u).
-12
Let b(h) = -h**2 - 5*h - 3. Let x be b(-4). Suppose -3*o + o = 5*q + x, -o + 7 = -5*q. Suppose -o*d - 19 + 7 = 0. Let c(w) = -w**2 - 5*w + 8. Give c(d).
2
Let w(j) = j**2 - 9*j - 12. Let r be (171 - 173)/(2/(-10)). Determine w(r).
-2
Let b(n) = -16*n - 676 - 676 + 2021 - 672. Determine b(4).
-67
Let a(c) = c**2 + 19*c + 9. Suppose 5*t = -21*t - 17*t - 602. What is a(t)?
-61
Let b(j) be the first derivative of 7*j**2/2 - j - 26896. Let i be -1*1*0 - -3. What is b(i)?
20
Let j(q) be the second derivative of q**5/20 + q**4/6 + q**3/6 + q**2 - 2630*q. Calculate j(-2).
0
Let q be 98/4*(-1)/(-1)*-2. Let h = 55 + q. Let n(s) = h*s + 8 - 5*s + 2*s - 2*s. Calculate n(-8).
0
Let c(u) = -25*u - 40 - 46 + 21 - 7*u. Determine c(-2).
-1
Let x be (-2 + 1)/(18/20646*-31). Let n(v) = v**3 - 36*v**2 - 39*v + 82. What is n(x)?
8
Suppose -52*v - 78*v - 3*v = 0. Let n(d) be the third derivative of v*d - 1/60*d**5 + 4*d**2 + 0 + d**3 + 1/4*d**4. Give n(8).
-10
Suppose -5*l - 33 + 8 = o, -4*o - 3*l = -2. Let s(a) = a**3 - 2*a**2 + 2*a - 4. Give s(o).
81
Let x be (4214/(-28))/43*12/14. Let j = -1 - -1. Let k(y) = -1 - 2*y**2 + y**2 + j - y. Determine k(x).
-7
Let m(k) be the third derivative of k**4/6 - 26*k**3/3 + 6027*k**2. Determine m(11).
-8
Let v(n) = -n**3 + 7*n**2 - n + 10. Let m be ((-65)/(-20))/(3/24). Let c = m - 21. Suppose 5*q + 3*a - c = 18, 4*q = 2*a + 36. Determine v(q).
3
Let o(w) = -34*w - 150. Let l be o(-10). Let x = -191 + l. Let u(z) = 21*z**3 - 1. What is u(x)?
-22
Let k = -20 + 26. Let j = 26 - 30. Let c(l) = -9*l + 14. Let o(s) = -2*s. Let v(f) = j*o(f) + c(f). Determine v(k).
8
Let u(r) = 7*r + 25. Suppose 0 = -267*p + 976 + 1160. What is u(p)?
81
Let l be 1/(2/24*-4) + 35. Let c(w) = 33 + w + w - 8 - l - w. Determine c(-5).
-12
Let u be 3/24 + 1470/(-12600). Let m(s) be the third derivative of -1/12*s**4 + u*s**6 + 0 + 0*s - 3/2*s**3 + 1/10*s**5 + 18*s**2. Give m(-6).
3
Suppose 6*y - 1388 + 362 = 0. Let v = -181 + y. Let c(u) = u + 11. Give c(v).
1
Let o be -1*(-4 + 9)*12/(-15). Suppose 0 = -5*f + 2*t + 48, -t - t - 40 = -o*f. Suppose -f - 17 = -5*r. Let k(m) = 2*m. Give k(r).
10
Let v(g) be the third derivative of g**2 + 0*g - 28 + 1/4*g**4 - 2*g**3. What is v(5)?
18
Let z(a) be the second derivative of a**4/12 + 4*a**3/3 + 3*a**2 + 362*a. Give z(-5).
-9
Let v(c) be the first derivative of c**3/3 + 9*c**2/2 + 10*c - 217. Suppose m = 5*o + 10, 2*m = 3*o - 2 + 1. Let s be 2/((-15)/o + 1)*-21. Determine v(s).
-4
Let m(t) = -t**3 - t**2 - t + 27. Let g be ((-16)/(-5) - 3)*5 + 4. Suppose g*c = -2*i + 20, -5*i + 17 = 4*c + 1. Determine m(i).
27
Let p(x) = -53*x - 483. Let l(c) = 35*c + 326. Let k(t) = 10*l(t) + 7*p(t). Calculate k(-7).
26
Suppose 4*r + 4*o - 12 = -8, 3*o = 3*r - 9. Let n(l) = -l**3 + 5 - 4 - 26*l**2 + 22*l**r. What is n(-4)?
1
Let w(k) = 7*k**3 - k + 1. Let b(v) = -20*v**3 - 63*v**2 + 755*v - 6. Let r(q) = -b(q) - 3*w(q). Determine r(16).
3
Suppose -9 - 13 = 9*q + 14. Let v(c) = -2*c**2 + 5*c + 38. Determine v(q).
-14
Let k(c) = 10*c - 25. Let f(j) = -7*j + 16. Let s(a) = 8*f(a) + 5*k(a). Let q = 36 - 39. Determine s(q).
21
Let a = 438 + -405. Let r(x) = -a + 42 + 2*x - 3*x + 3*x. Give r(-4).
1
Let u(q) = q**2 - 8*q + 1. Let w be (-90)/(-54)*105/4*-4. Let l be 50/w - 58/(-7). Calculate u(l).
1
Let f(k) = -23*k**2 + 12*k + 42. Let y(x) = -24*x**2 + 15*x + 50. Let n(h) = 7*f(h) - 6*y(h). What is n(-1)?
-17
Let q be 712/6 - (15/9 + -2). Let l(v) = -5 + 4*v - q*v**3 - 4*v**2 + 11*v**2 + 121*v**3. Give l(-4).
-37
Let z(o) = 5*o**3 - 18*o**2 - o + 10. Let i(v) = 9*v**3 - 31*v**2 - v + 22. Let n(d) = -4*i(d) + 7*z(d). Give n(0).
-18
Let g(m) = -m**2 - 4*m - 6. Let t be g(-8). Let s = 41 + t. Suppose -16 + 7 = -s*r. Let w(c) = 2*c**2 - 3*c - 4. Calculate w(r).
5
Let s(u) = -3*u**2 - 6*u + 5. Let r be -4*((-1012)/(-880) - (-4)/(-10)). Determine s(r).
-4
Let g(u) = 23*u - 2*u**3 - u**2 - 19*u - 97 + 102. What is g(-1)?
2
Let l(o) = o**2 - 9*o - 193. Let c be -10 - ((-2)/(-24) + 26873/(-924)). Calculate l(c).
-3
Let l = 119 - 125. Let f(j) = -5*j**2 - 2*j + 4. Let v(u) = u**2 - u - 1. Let g(i) = f(i) + 3*v(i). Let t(k) be the first derivative of g(k). Calculate t(l).
19
Let w(z) = -1877*z**3 + 21*z + 18*z**2 + 8 - 1887*z**3 + 3763*z**3. Give w(19).
46
Let c(w) = 13111*w - 4373*w - 4375*w + 13 - 4369*w. Calculate c(11).
-53
Let a(o) = 4*o**3 + 5*o**2 - o - 14. Let v be a(-2). Let m(g) = g**2 + 25*g + 44. Determine m(v).
20
Let y(c) = -25*c**3 - 2*c**2 + 1. Let m be 6 + (-4)/(-3)*9/(-6). Suppose -o = 4*v + 5, 12 - m = -5*v - 3*o. Let w be v*((-8)/(-6) - (-28)/(-12)). Give y(w).
-26
Let a(d) be the first derivative of 2*d**3/3 - d**2 + 6. Let k be (22/99 - (-4)/9)*3. Determine a(k).
4
Let z(m) = -m**2 - 6*m - 3. Suppose -2*q - 2*u + 132 = 0, 7 = -4*u - 5. Suppose 64*r = q*r + 20. Give z(r).
5
Let w = 360 + -239. Let x = -114 + w. Let o(g) = g**2 - 7*g + 6. Calculate o(x).
6
Let o(m) = 4*m - 58. Let w(g) = -13 + 25 - 10 - 7. Let s(a) = o(a) - 10*w(a). Determine s(6).
16
Suppose 18 = 3*j, -490*r - 3*j - 9 = -487*r. Let g(c) = -2*c**2 + 5*c + c**2 - 15*c. Calculate g(r).
9
Let h(k) = -k**3 + k**2 - 2*k + 5. Let a be (15/(-5) - -3)/(-2). Let r be h(a). Suppose -r*f + 1 = -29. Let i(b) = b**2 - 4*b - 5. Determine i(f).
7
Suppose -52*x = -49*x - 39. Let j be 6/4*52/x. Let a(g) = -g**3 + 11*g**2 + g - 5. Let b(w) = w**3 - 12*w**2 - w + 6. Let u(s) = -6*a(s) - 5*b(s). What is u(j)?
-6
Let x(q) = q**3 - 29*q**2 - 65*q + 96. Suppose -131 = -4*t - 7. Let o be x(t). Let f(y) = -y - 4. Determine f(o).
-7
Let j(d) be the first derivative of -d**3/3 + 7*d**2/2 - 5*d + 1374. What is j(1)?
1
Let u(v) = -2*v**3 - 4*v**2 - v + 4. Let o be u(-2). Suppose -o*t = -40 - 2. Let m be t/(-21) - 14/3. Let f(z) = z**2 + 2*z - 5. Determine f(m).
10
Suppose 2*c = 2*z + 13430, 4*c = 4*z - 7*z + 26853. Let l(y) = 6713*y**2 - 4*y - 6*y - 14 - c*y**2. What is l(-6)?
10
Suppose 2*m = 4*l - 48, -5*l + 21 = 2*m - 30. Let x(p) = 19*p*